



{"id":46508,"date":"2024-04-10T14:04:12","date_gmt":"2024-04-10T18:04:12","guid":{"rendered":"https:\/\/ivari.ca\/?page_id=46508"},"modified":"2024-04-10T14:12:52","modified_gmt":"2024-04-10T18:12:52","slug":"politique-sur-la-protection-de-la-vie-privee","status":"publish","type":"page","link":"https:\/\/ivari.ca\/fr\/politique-sur-la-protection-de-la-vie-privee\/","title":{"rendered":"Politique sur la protection de la vie priv\u00e9e"},"content":{"rendered":"<div class=\"wpb-content-wrapper\"><p>[vc_row css=\u00a0\u00bb.vc_custom_1633110907975{background-position: center !important;background-repeat: no-repeat !important;background-size: cover !important;}\u00a0\u00bb el_id=\u00a0\u00bbpost-banner\u00a0\u00bb][vc_column][vc_row_inner content_placement=\u00a0\u00bbbottom\u00a0\u00bb css=\u00a0\u00bb.vc_custom_1712772361361{background-image: url(https:\/\/ivari.ca\/files\/Serious-young-businessman.jpg?id=46507) !important;background-position: center !important;background-repeat: no-repeat !important;background-size: cover !important;}\u00a0\u00bb el_class=\u00a0\u00bbpost-banner\u00a0\u00bb][vc_column_inner el_class=\u00a0\u00bbimage-row-text-column\u00a0\u00bb width=\u00a0\u00bb2\/5&Prime;][vc_column_text]<\/p>\n<h1>\t\t\t<span id=\"typedjs13\" class=\"animated-typed-js-shortcode \"><\/span>\n\t\t\t<script>\n\t\t\tvar typedjs13 = new Typed('#typedjs13', {\n\t\t\t\tstrings: [\"Politique sur la protection de la vie priv\\u00e9e\"],\n\t\t\t\ttypeSpeed: 80,\n\t\t\t\tbackSpeed: 50,\n\t\t\t\tbackDelay: 500,\n\t\t\t\tstartDelay: 1000,\n\t\t\t\tloop: false,\n\t\t\t\tloopCount: 0,\n\t\t\t\tfadeOut: false,\n\t\t\t\tfadeOutDelay: 500,\n\t\t\t\tsmartBackspace: true,\n\t\t\t\tshuffle: false,\n\t\t\t\tshowCursor: true,\n\t\t\t\tcursorChar: \"|\"\n\t\t\t});\n\t\t\t<\/script>\n\n\t\t<\/h1>\n<p>[\/vc_column_text][\/vc_column_inner][vc_column_inner width=\u00a0\u00bb3\/5&Prime;][\/vc_column_inner][\/vc_row_inner][\/vc_column][\/vc_row][vc_row el_id=\u00a0\u00bbpage-subheader\u00a0\u00bb][vc_column][vc_column_text]Toute personne a le droit au respect de sa vie priv\u00e9e. Voil\u00e0 pourquoi nous prenons au s\u00e9rieux cette responsabilit\u00e9.[\/vc_column_text][\/vc_column][\/vc_row][vc_row][vc_column][vc_column_text]La protection des renseignements personnels de nos clients nous tient \u00e0 c\u0153ur.<\/p>\n<p>Notre <a href=\"\/files\/IV933BFR.pdf\" target=\"_blank\" rel=\"noopener noreferrer\">politique sur la protection de la vie priv\u00e9e<\/a>\u00a0d\u00e9crit la fa\u00e7on dont nous recueillons, utilisons, divulguons et conservons ces renseignements.<\/p>\n<p>Si vous avez des questions, pr\u00e9occupations, plaintes ou commentaires en mati\u00e8re de confidentialit\u00e9, n\u2019h\u00e9sitez pas \u00e0 contacter notre Bureau de la protection de la vie priv\u00e9e comme suit :<\/p>\n<p><strong>Chef du Service de la protection de la vie priv\u00e9e <\/strong><br \/>\n200-5000, rue Yonge<br \/>\nToronto (Ontario) M2N 7E9<br \/>\nCourriel : <a href=\"mailto:privacyoffice@ivari.ca\">privacyoffice@ivari.ca<\/a><\/p>\n<p>Services en fran\u00e7ais : 1-866-880-6075<br \/>\nServices en anglais : 1-866-447-7390<\/p>\n<p>Pour nous permettre de r\u00e9pondre \u00e0 votre message, veuillez indiquer votre nom, vos coordonn\u00e9es et tous les d\u00e9tails pertinents, notamment le nom du service auquel ou de la personne \u00e0 laquelle vous avez d\u00e9j\u00e0 adress\u00e9 la demande.[\/vc_column_text][\/vc_column][\/vc_row][vc_column width=\u00a0\u00bb1\/4&Prime;][vc_column_text]<br \/>\n[\/vc_column_text][\/vc_column][vc_column width=\u00a0\u00bb1\/4&Prime;][vc_column_text]<br \/>\n[\/vc_column_text][\/vc_column]<\/p>\n<\/div>","protected":false},"excerpt":{"rendered":"<p> Toute personne a le droit au respect de sa vie priv\u00e9e. Voil\u00e0 pourquoi nous prenons au s\u00e9rieux cette responsabilit\u00e9.La protection des renseignements personnels de nos clients&#8230;<\/p>\n","protected":false},"author":13,"featured_media":0,"parent":0,"menu_order":0,"comment_status":"closed","ping_status":"closed","template":"","meta":{"_acf_changed":false,"_searchwp_excluded":"","footnotes":""},"query_groups":[],"class_list":["post-46508","page","type-page","status-publish","hentry"],"acf":[],"yoast_head":"<!-- This site is optimized with the Yoast SEO plugin v27.3 - https:\/\/yoast.com\/product\/yoast-seo-wordpress\/ -->\n<title>Politique sur la protection de la vie priv\u00e9e - ivari<\/title>\n<meta name=\"robots\" content=\"index, follow, max-snippet:-1, max-image-preview:large, max-video-preview:-1\" \/>\n<link rel=\"canonical\" href=\"https:\/\/ivari.ca\/fr\/politique-sur-la-protection-de-la-vie-privee\/\" \/>\n<meta property=\"og:locale\" content=\"fr_FR\" \/>\n<meta property=\"og:type\" content=\"article\" \/>\n<meta property=\"og:title\" content=\"Politique sur la protection de la vie priv\u00e9e - ivari\" \/>\n<meta property=\"og:description\" content=\"Toute personne a le droit au respect de sa vie priv\u00e9e. Voil\u00e0 pourquoi nous prenons au s\u00e9rieux cette responsabilit\u00e9.La protection des renseignements personnels de nos clients...\" \/>\n<meta property=\"og:url\" content=\"https:\/\/ivari.ca\/fr\/politique-sur-la-protection-de-la-vie-privee\/\" \/>\n<meta property=\"og:site_name\" content=\"ivari\" \/>\n<meta property=\"article:modified_time\" content=\"2024-04-10T18:12:52+00:00\" \/>\n<meta name=\"twitter:card\" content=\"summary_large_image\" \/>\n<meta name=\"twitter:label1\" content=\"Dur\u00e9e de lecture estim\u00e9e\" \/>\n\t<meta name=\"twitter:data1\" content=\"1 minute\" \/>\n<script type=\"application\/ld+json\" class=\"yoast-schema-graph\">{\"@context\":\"https:\\\/\\\/schema.org\",\"@graph\":[{\"@type\":\"WebPage\",\"@id\":\"https:\\\/\\\/ivari.ca\\\/fr\\\/politique-sur-la-protection-de-la-vie-privee\\\/\",\"url\":\"https:\\\/\\\/ivari.ca\\\/fr\\\/politique-sur-la-protection-de-la-vie-privee\\\/\",\"name\":\"Politique sur la protection de la vie priv\u00e9e - ivari\",\"isPartOf\":{\"@id\":\"https:\\\/\\\/ivari.ca\\\/#website\"},\"datePublished\":\"2024-04-10T18:04:12+00:00\",\"dateModified\":\"2024-04-10T18:12:52+00:00\",\"breadcrumb\":{\"@id\":\"https:\\\/\\\/ivari.ca\\\/fr\\\/politique-sur-la-protection-de-la-vie-privee\\\/#breadcrumb\"},\"inLanguage\":\"fr-FR\",\"potentialAction\":[{\"@type\":\"ReadAction\",\"target\":[\"https:\\\/\\\/ivari.ca\\\/fr\\\/politique-sur-la-protection-de-la-vie-privee\\\/\"]}]},{\"@type\":\"BreadcrumbList\",\"@id\":\"https:\\\/\\\/ivari.ca\\\/fr\\\/politique-sur-la-protection-de-la-vie-privee\\\/#breadcrumb\",\"itemListElement\":[{\"@type\":\"ListItem\",\"position\":1,\"name\":\"Home\",\"item\":\"https:\\\/\\\/ivari.ca\\\/fr\\\/\"},{\"@type\":\"ListItem\",\"position\":2,\"name\":\"Politique sur la protection de la vie priv\u00e9e\"}]},{\"@type\":\"WebSite\",\"@id\":\"https:\\\/\\\/ivari.ca\\\/#website\",\"url\":\"https:\\\/\\\/ivari.ca\\\/\",\"name\":\"ivari\",\"description\":\"\",\"potentialAction\":[{\"@type\":\"SearchAction\",\"target\":{\"@type\":\"EntryPoint\",\"urlTemplate\":\"https:\\\/\\\/ivari.ca\\\/?s={search_term_string}\"},\"query-input\":{\"@type\":\"PropertyValueSpecification\",\"valueRequired\":true,\"valueName\":\"search_term_string\"}}],\"inLanguage\":\"fr-FR\"}]}<\/script>\n<!-- \/ Yoast SEO plugin. -->","yoast_head_json":{"title":"Politique sur la protection de la vie priv\u00e9e - ivari","robots":{"index":"index","follow":"follow","max-snippet":"max-snippet:-1","max-image-preview":"max-image-preview:large","max-video-preview":"max-video-preview:-1"},"canonical":"https:\/\/ivari.ca\/fr\/politique-sur-la-protection-de-la-vie-privee\/","og_locale":"fr_FR","og_type":"article","og_title":"Politique sur la protection de la vie priv\u00e9e - ivari","og_description":"Toute personne a le droit au respect de sa vie priv\u00e9e. Voil\u00e0 pourquoi nous prenons au s\u00e9rieux cette responsabilit\u00e9.La protection des renseignements personnels de nos clients...","og_url":"https:\/\/ivari.ca\/fr\/politique-sur-la-protection-de-la-vie-privee\/","og_site_name":"ivari","article_modified_time":"2024-04-10T18:12:52+00:00","twitter_card":"summary_large_image","twitter_misc":{"Dur\u00e9e de lecture estim\u00e9e":"1 minute"},"schema":{"@context":"https:\/\/schema.org","@graph":[{"@type":"WebPage","@id":"https:\/\/ivari.ca\/fr\/politique-sur-la-protection-de-la-vie-privee\/","url":"https:\/\/ivari.ca\/fr\/politique-sur-la-protection-de-la-vie-privee\/","name":"Politique sur la protection de la vie priv\u00e9e - ivari","isPartOf":{"@id":"https:\/\/ivari.ca\/#website"},"datePublished":"2024-04-10T18:04:12+00:00","dateModified":"2024-04-10T18:12:52+00:00","breadcrumb":{"@id":"https:\/\/ivari.ca\/fr\/politique-sur-la-protection-de-la-vie-privee\/#breadcrumb"},"inLanguage":"fr-FR","potentialAction":[{"@type":"ReadAction","target":["https:\/\/ivari.ca\/fr\/politique-sur-la-protection-de-la-vie-privee\/"]}]},{"@type":"BreadcrumbList","@id":"https:\/\/ivari.ca\/fr\/politique-sur-la-protection-de-la-vie-privee\/#breadcrumb","itemListElement":[{"@type":"ListItem","position":1,"name":"Home","item":"https:\/\/ivari.ca\/fr\/"},{"@type":"ListItem","position":2,"name":"Politique sur la protection de la vie priv\u00e9e"}]},{"@type":"WebSite","@id":"https:\/\/ivari.ca\/#website","url":"https:\/\/ivari.ca\/","name":"ivari","description":"","potentialAction":[{"@type":"SearchAction","target":{"@type":"EntryPoint","urlTemplate":"https:\/\/ivari.ca\/?s={search_term_string}"},"query-input":{"@type":"PropertyValueSpecification","valueRequired":true,"valueName":"search_term_string"}}],"inLanguage":"fr-FR"}]}},"_links":{"self":[{"href":"https:\/\/ivari.ca\/fr\/wp-json\/wp\/v2\/pages\/46508","targetHints":{"allow":["GET"]}}],"collection":[{"href":"https:\/\/ivari.ca\/fr\/wp-json\/wp\/v2\/pages"}],"about":[{"href":"https:\/\/ivari.ca\/fr\/wp-json\/wp\/v2\/types\/page"}],"author":[{"embeddable":true,"href":"https:\/\/ivari.ca\/fr\/wp-json\/wp\/v2\/users\/13"}],"replies":[{"embeddable":true,"href":"https:\/\/ivari.ca\/fr\/wp-json\/wp\/v2\/comments?post=46508"}],"version-history":[{"count":0,"href":"https:\/\/ivari.ca\/fr\/wp-json\/wp\/v2\/pages\/46508\/revisions"}],"wp:attachment":[{"href":"https:\/\/ivari.ca\/fr\/wp-json\/wp\/v2\/media?parent=46508"}],"wp:term":[{"taxonomy":"query_groups","embeddable":true,"href":"https:\/\/ivari.ca\/fr\/wp-json\/wp\/v2\/query_groups?post=46508"}],"curies":[{"name":"wp","href":"https:\/\/api.w.org\/{rel}","templated":true}]}}

Politique sur la protection de la vie privée

<div class="wpb-content-wrapper"><p>[vc_row css= ».vc_custom_1633110907975{background-position: center !important;background-repeat: no-repeat !important;background-size: cover !important;} » el_id= »post-banner »][vc_column][vc_row_inner content_placement= »bottom » css= ».vc_custom_1712772361361{background-image: url(https://ivari.ca/files/Serious-young-businessman.jpg?id=46507) !important;background-position: center !important;background-repeat: no-repeat !important;background-size: cover !important;} » el_class= »post-banner »][vc_column_inner el_class= »image-row-text-column » width= »2/5&Prime;][vc_column_text]</p>
<h1>			<span id="typedjs13" class="animated-typed-js-shortcode "></span>
			<script>
			var typedjs13 = new Typed('#typedjs13', {
				strings: ["Politique sur la protection de la vie priv\u00e9e"],
				typeSpeed: 80,
				backSpeed: 50,
				backDelay: 500,
				startDelay: 1000,
				loop: false,
				loopCount: 0,
				fadeOut: false,
				fadeOutDelay: 500,
				smartBackspace: true,
				shuffle: false,
				showCursor: true,
				cursorChar: "|"
			});
			</script>

		</h1>
<p>[/vc_column_text][/vc_column_inner][vc_column_inner width= »3/5&Prime;][/vc_column_inner][/vc_row_inner][/vc_column][/vc_row][vc_row el_id= »page-subheader »][vc_column][vc_column_text]Toute personne a le droit au respect de sa vie privée. Voilà pourquoi nous prenons au sérieux cette responsabilité.[/vc_column_text][/vc_column][/vc_row][vc_row][vc_column][vc_column_text]La protection des renseignements personnels de nos clients nous tient à cœur.</p>
<p>Notre <a href="/files/IV933BFR.pdf" target="_blank" rel="noopener noreferrer">politique sur la protection de la vie privée</a> décrit la façon dont nous recueillons, utilisons, divulguons et conservons ces renseignements.</p>
<p>Si vous avez des questions, préoccupations, plaintes ou commentaires en matière de confidentialité, n’hésitez pas à contacter notre Bureau de la protection de la vie privée comme suit :</p>
<p><strong>Chef du Service de la protection de la vie privée </strong><br />
200-5000, rue Yonge<br />
Toronto (Ontario) M2N 7E9<br />
Courriel : <a href="mailto:privacyoffice@ivari.ca">privacyoffice@ivari.ca</a></p>
<p>Services en français : 1-866-880-6075<br />
Services en anglais : 1-866-447-7390</p>
<p>Pour nous permettre de répondre à votre message, veuillez indiquer votre nom, vos coordonnées et tous les détails pertinents, notamment le nom du service auquel ou de la personne à laquelle vous avez déjà adressé la demande.[/vc_column_text][/vc_column][/vc_row][vc_column width= »1/4&Prime;][vc_column_text]<br />
[/vc_column_text][/vc_column][vc_column width= »1/4&Prime;][vc_column_text]<br />
[/vc_column_text][/vc_column]</p>
</div>

<p> Toute personne a le droit au respect de sa vie privée. Voilà pourquoi nous prenons au sérieux cette responsabilité.La protection des renseignements personnels de nos clients&#8230;</p>

<!-- This site is optimized with the Yoast SEO plugin v27.3 - https://yoast.com/product/yoast-seo-wordpress/ -->
<title>Politique sur la protection de la vie privée - ivari</title>
<meta name="robots" content="index, follow, max-snippet:-1, max-image-preview:large, max-video-preview:-1" />
<link rel="canonical" href="https://ivari.ca/fr/politique-sur-la-protection-de-la-vie-privee/" />
<meta property="og:locale" content="fr_FR" />
<meta property="og:type" content="article" />
<meta property="og:title" content="Politique sur la protection de la vie privée - ivari" />
<meta property="og:description" content="Toute personne a le droit au respect de sa vie privée. Voilà pourquoi nous prenons au sérieux cette responsabilité.La protection des renseignements personnels de nos clients..." />
<meta property="og:url" content="https://ivari.ca/fr/politique-sur-la-protection-de-la-vie-privee/" />
<meta property="og:site_name" content="ivari" />
<meta property="article:modified_time" content="2024-04-10T18:12:52+00:00" />
<meta name="twitter:card" content="summary_large_image" />
<meta name="twitter:label1" content="Durée de lecture estimée" />
	<meta name="twitter:data1" content="1 minute" />
<script type="application/ld+json" class="yoast-schema-graph">{"@context":"https:\/\/schema.org","@graph":[{"@type":"WebPage","@id":"https:\/\/ivari.ca\/fr\/politique-sur-la-protection-de-la-vie-privee\/","url":"https:\/\/ivari.ca\/fr\/politique-sur-la-protection-de-la-vie-privee\/","name":"Politique sur la protection de la vie privée - ivari","isPartOf":{"@id":"https:\/\/ivari.ca\/#website"},"datePublished":"2024-04-10T18:04:12+00:00","dateModified":"2024-04-10T18:12:52+00:00","breadcrumb":{"@id":"https:\/\/ivari.ca\/fr\/politique-sur-la-protection-de-la-vie-privee\/#breadcrumb"},"inLanguage":"fr-FR","potentialAction":[{"@type":"ReadAction","target":["https:\/\/ivari.ca\/fr\/politique-sur-la-protection-de-la-vie-privee\/"]}]},{"@type":"BreadcrumbList","@id":"https:\/\/ivari.ca\/fr\/politique-sur-la-protection-de-la-vie-privee\/#breadcrumb","itemListElement":[{"@type":"ListItem","position":1,"name":"Home","item":"https:\/\/ivari.ca\/fr\/"},{"@type":"ListItem","position":2,"name":"Politique sur la protection de la vie privée"}]},{"@type":"WebSite","@id":"https:\/\/ivari.ca\/#website","url":"https:\/\/ivari.ca\/","name":"ivari","description":"","potentialAction":[{"@type":"SearchAction","target":{"@type":"EntryPoint","urlTemplate":"https:\/\/ivari.ca\/?s={search_term_string}"},"query-input":{"@type":"PropertyValueSpecification","valueRequired":true,"valueName":"search_term_string"}}],"inLanguage":"fr-FR"}]}</script>
<!-- / Yoast SEO plugin. -->

Politique sur la protection de la vie privée - ivari

Toute personne a le droit au respect de sa vie privée. Voilà pourquoi nous prenons au sérieux cette responsabilité.La protection des renseignements personnels de nos clients...
