



{"id":42564,"date":"2022-10-07T11:14:17","date_gmt":"2022-10-07T15:14:17","guid":{"rendered":"https:\/\/ivari.ca\/?page_id=42564"},"modified":"2025-09-18T11:02:23","modified_gmt":"2025-09-18T15:02:23","slug":"programme-cap-vers-la-sante","status":"publish","type":"page","link":"https:\/\/ivari.ca\/fr\/a-propos-divari\/notre-compagnie\/information-sur-la-compagnie\/programme-cap-vers-la-sante\/","title":{"rendered":"Programme Cap vers la sant\u00e9"},"content":{"rendered":"<div class=\"wpb-content-wrapper\"><p>[vc_row css=\u00a0\u00bb.vc_custom_1633110907975{background-position: center !important;background-repeat: no-repeat !important;background-size: cover !important;}\u00a0\u00bb el_id=\u00a0\u00bbpost-banner\u00a0\u00bb][vc_column][vc_row_inner content_placement=\u00a0\u00bbbottom\u00a0\u00bb css=\u00a0\u00bb.vc_custom_1665155652907{background-image: url(https:\/\/ivari.ca\/files\/kids-team-photo.jpg?id=42561) !important;background-position: center !important;background-repeat: no-repeat !important;background-size: cover !important;}\u00a0\u00bb el_class=\u00a0\u00bbpost-banner\u00a0\u00bb][vc_column_inner el_class=\u00a0\u00bbimage-row-text-column\u00a0\u00bb width=\u00a0\u00bb2\/5&Prime;][vc_column_text]<\/p>\n<h1>\t\t\t<span id=\"typedjs32\" class=\"animated-typed-js-shortcode \"><\/span>\n\t\t\t<script>\n\t\t\tvar typedjs32 = new Typed('#typedjs32', {\n\t\t\t\tstrings: [\"Programme Cap vers la sant\\u00e9\"],\n\t\t\t\ttypeSpeed: 80,\n\t\t\t\tbackSpeed: 50,\n\t\t\t\tbackDelay: 500,\n\t\t\t\tstartDelay: 1000,\n\t\t\t\tloop: false,\n\t\t\t\tloopCount: 0,\n\t\t\t\tfadeOut: false,\n\t\t\t\tfadeOutDelay: 500,\n\t\t\t\tsmartBackspace: true,\n\t\t\t\tshuffle: false,\n\t\t\t\tshowCursor: true,\n\t\t\t\tcursorChar: \"|\"\n\t\t\t});\n\t\t\t<\/script>\n\n\t\t<\/h1>\n<p>[\/vc_column_text][\/vc_column_inner][vc_column_inner width=\u00a0\u00bb3\/5&Prime;][\/vc_column_inner][\/vc_row_inner][\/vc_column][\/vc_row][vc_row el_class=\u00a0\u00bbmargin-top-30&Prime;][vc_column width=\u00a0\u00bb1\/3&Prime;][vc_single_image image=\u00a0\u00bb42566&Prime;][vc_column_text el_class=\u00a0\u00bbtext-center\u00a0\u00bb]<\/p>\n<p class=\"lead blue\">Montant du financement : Jusqu\u2019\u00e0\u00a025\u00a0000\u00a0$.<\/p>\n<p>[\/vc_column_text][\/vc_column][vc_column width=\u00a0\u00bb2\/3&Prime;][vc_column_text]En tant qu\u2019assureur vie, nous comprenons tr\u00e8s bien \u00e0 quel point chacun appr\u00e9cie la possibilit\u00e9 de vivre longtemps et en sant\u00e9. Les experts nous annoncent de bonnes nouvelles : il suffit d\u2019adopter de saines habitudes de vie comme bien manger et faire suffisamment d\u2019exercice \u2012 des habitudes acquises \u00e0 un jeune \u00e2ge![\/vc_column_text][vc_column_text]<\/p>\n<p class=\"grey-medium\">Voil\u00e0 pourquoi ivari s\u2019est engag\u00e9e \u00e0 appuyer des programmes qui peuvent fournir aux enfants et aux adolescents les connaissances indispensables afin de les pr\u00e9parer \u00e0 mener une vie saine.<\/p>\n<p>[\/vc_column_text][vc_btn title=\u00a0\u00bbFormulaire de demande pour le programme 2026 &#8211; Date limite : le 10 octobre 2025&Prime; color=\u00a0\u00bbblue\u00a0\u00bb css=\u00a0\u00bb\u00a0\u00bb link=\u00a0\u00bburl:%2Ffiles%2FIV2160FR.pdf|target:_blank\u00a0\u00bb][\/vc_column][\/vc_row][vc_row][vc_column][vc_separator][\/vc_column][\/vc_row][vc_row el_class=\u00a0\u00bbmodule_Copy_Block_A_0 spacing-48&Prime;][vc_column][vc_column_text]<\/p>\n<h2>Notre strat\u00e9gie de financement<\/h2>\n<p>[\/vc_column_text][\/vc_column][\/vc_row][vc_row el_class=\u00a0\u00bbivari-row\u00a0\u00bb][vc_column width=\u00a0\u00bb1\/3&Prime;][vc_column_text]<\/p>\n<h3>Financement des programmes<\/h3>\n<p class=\"spacing-24\">Le Programme <em>Cap vers la sant\u00e9<\/em> d\u2019<em>ivari<\/em> compte soutenir des organismes ayant pour mission d\u2019outiller les jeunes (18 ans et moins) de mani\u00e8re \u00e0 ce qu\u2019ils acqui\u00e8rent de saines habitudes de vie, notamment dans des domaines associ\u00e9s \u00e0 :<\/p>\n<ul class=\"simple-list-1\">\n<li>la vie active;<\/li>\n<li>l\u2019alimentation saine; et<\/li>\n<li>la sant\u00e9<\/li>\n<\/ul>\n<p>[\/vc_column_text][\/vc_column][vc_column width=\u00a0\u00bb1\/3&Prime;][vc_column_text]<\/p>\n<h3>Crit\u00e8res d\u2019\u00e9valuation :<\/h3>\n<ul class=\"simple-list-1\">\n<li>Il doit s\u2019agir d\u2019organismes de bienfaisance enregistr\u00e9s au Canada.<\/li>\n<li>Seuls les projets \u00e0 l\u2019\u00e9chelle nationale sont admissibles au financement.<\/li>\n<li>En sus de respecter les exigences de notre strat\u00e9gie de financement, les projets\/programmes ont comme objectif d\u2019inculquer aux enfants de bonnes habitudes alimentaires.<\/li>\n<li>Les programmes doivent viser des objectifs pr\u00e9cis et des r\u00e9sultats mesurables.<\/li>\n<\/ul>\n<p>[\/vc_column_text][\/vc_column][vc_column width=\u00a0\u00bb1\/3&Prime;][vc_column_text]<\/p>\n<h3>Processus de demande<\/h3>\n<ol class=\"simple-list-1\">\n<li>Remplir le formulaire de demande et l\u2019envoyer par courriel.<\/li>\n<li>Les organismes dont la demande a \u00e9t\u00e9 s\u00e9lectionn\u00e9e seront invit\u00e9s \u00e0 venir pr\u00e9senter leur projet devant le Comit\u00e9 des dons de charit\u00e9, compos\u00e9 d\u2019employ\u00e9s d\u2019ivari.<\/li>\n<\/ol>\n<p>[\/vc_column_text][\/vc_column][\/vc_row]<\/p>\n<\/div>","protected":false},"excerpt":{"rendered":"<p>  Montant du financement : Jusqu\u2019\u00e0\u00a025\u00a0000\u00a0$. En tant qu\u2019assureur vie, nous comprenons tr\u00e8s bien \u00e0 quel point chacun appr\u00e9cie la possibilit\u00e9 de&#8230;<\/p>\n","protected":false},"author":13,"featured_media":0,"parent":39185,"menu_order":0,"comment_status":"closed","ping_status":"closed","template":"","meta":{"_acf_changed":false,"_searchwp_excluded":"","footnotes":""},"query_groups":[],"class_list":["post-42564","page","type-page","status-publish","hentry"],"acf":[],"yoast_head":"<!-- This site is optimized with the Yoast SEO plugin v27.3 - https:\/\/yoast.com\/product\/yoast-seo-wordpress\/ -->\n<title>Programme Cap vers la sant\u00e9 - ivari<\/title>\n<meta name=\"robots\" content=\"index, follow, max-snippet:-1, max-image-preview:large, max-video-preview:-1\" \/>\n<link rel=\"canonical\" href=\"https:\/\/ivari.ca\/fr\/a-propos-divari\/notre-compagnie\/information-sur-la-compagnie\/programme-cap-vers-la-sante\/\" \/>\n<meta property=\"og:locale\" content=\"fr_FR\" \/>\n<meta property=\"og:type\" content=\"article\" \/>\n<meta property=\"og:title\" content=\"Programme Cap vers la sant\u00e9 - ivari\" \/>\n<meta property=\"og:description\" content=\"Montant du financement : Jusqu\u2019\u00e0\u00a025\u00a0000\u00a0$. En tant qu\u2019assureur vie, nous comprenons tr\u00e8s bien \u00e0 quel point chacun appr\u00e9cie la possibilit\u00e9 de...\" \/>\n<meta property=\"og:url\" content=\"https:\/\/ivari.ca\/fr\/a-propos-divari\/notre-compagnie\/information-sur-la-compagnie\/programme-cap-vers-la-sante\/\" \/>\n<meta property=\"og:site_name\" content=\"ivari\" \/>\n<meta property=\"article:modified_time\" content=\"2025-09-18T15:02:23+00:00\" \/>\n<meta name=\"twitter:card\" content=\"summary_large_image\" \/>\n<meta name=\"twitter:label1\" content=\"Dur\u00e9e de lecture estim\u00e9e\" \/>\n\t<meta name=\"twitter:data1\" content=\"2 minutes\" \/>\n<script type=\"application\/ld+json\" class=\"yoast-schema-graph\">{\"@context\":\"https:\\\/\\\/schema.org\",\"@graph\":[{\"@type\":\"WebPage\",\"@id\":\"https:\\\/\\\/ivari.ca\\\/fr\\\/a-propos-divari\\\/notre-compagnie\\\/information-sur-la-compagnie\\\/programme-cap-vers-la-sante\\\/\",\"url\":\"https:\\\/\\\/ivari.ca\\\/fr\\\/a-propos-divari\\\/notre-compagnie\\\/information-sur-la-compagnie\\\/programme-cap-vers-la-sante\\\/\",\"name\":\"Programme Cap vers la sant\u00e9 - ivari\",\"isPartOf\":{\"@id\":\"https:\\\/\\\/ivari.ca\\\/#website\"},\"datePublished\":\"2022-10-07T15:14:17+00:00\",\"dateModified\":\"2025-09-18T15:02:23+00:00\",\"breadcrumb\":{\"@id\":\"https:\\\/\\\/ivari.ca\\\/fr\\\/a-propos-divari\\\/notre-compagnie\\\/information-sur-la-compagnie\\\/programme-cap-vers-la-sante\\\/#breadcrumb\"},\"inLanguage\":\"fr-FR\",\"potentialAction\":[{\"@type\":\"ReadAction\",\"target\":[\"https:\\\/\\\/ivari.ca\\\/fr\\\/a-propos-divari\\\/notre-compagnie\\\/information-sur-la-compagnie\\\/programme-cap-vers-la-sante\\\/\"]}]},{\"@type\":\"BreadcrumbList\",\"@id\":\"https:\\\/\\\/ivari.ca\\\/fr\\\/a-propos-divari\\\/notre-compagnie\\\/information-sur-la-compagnie\\\/programme-cap-vers-la-sante\\\/#breadcrumb\",\"itemListElement\":[{\"@type\":\"ListItem\",\"position\":1,\"name\":\"Home\",\"item\":\"https:\\\/\\\/ivari.ca\\\/fr\\\/\"},{\"@type\":\"ListItem\",\"position\":2,\"name\":\"\u00c0 propos d&#8217;ivari\",\"item\":\"https:\\\/\\\/ivari.ca\\\/fr\\\/a-propos-divari\\\/\"},{\"@type\":\"ListItem\",\"position\":3,\"name\":\"Notre compagnie\",\"item\":\"https:\\\/\\\/ivari.ca\\\/fr\\\/a-propos-divari\\\/notre-compagnie\\\/\"},{\"@type\":\"ListItem\",\"position\":4,\"name\":\"Information sur la compagnie\",\"item\":\"https:\\\/\\\/ivari.ca\\\/fr\\\/a-propos-divari\\\/notre-compagnie\\\/information-sur-la-compagnie\\\/\"},{\"@type\":\"ListItem\",\"position\":5,\"name\":\"Programme Cap vers la sant\u00e9\"}]},{\"@type\":\"WebSite\",\"@id\":\"https:\\\/\\\/ivari.ca\\\/#website\",\"url\":\"https:\\\/\\\/ivari.ca\\\/\",\"name\":\"ivari\",\"description\":\"\",\"potentialAction\":[{\"@type\":\"SearchAction\",\"target\":{\"@type\":\"EntryPoint\",\"urlTemplate\":\"https:\\\/\\\/ivari.ca\\\/?s={search_term_string}\"},\"query-input\":{\"@type\":\"PropertyValueSpecification\",\"valueRequired\":true,\"valueName\":\"search_term_string\"}}],\"inLanguage\":\"fr-FR\"}]}<\/script>\n<!-- \/ Yoast SEO plugin. -->","yoast_head_json":{"title":"Programme Cap vers la sant\u00e9 - ivari","robots":{"index":"index","follow":"follow","max-snippet":"max-snippet:-1","max-image-preview":"max-image-preview:large","max-video-preview":"max-video-preview:-1"},"canonical":"https:\/\/ivari.ca\/fr\/a-propos-divari\/notre-compagnie\/information-sur-la-compagnie\/programme-cap-vers-la-sante\/","og_locale":"fr_FR","og_type":"article","og_title":"Programme Cap vers la sant\u00e9 - ivari","og_description":"Montant du financement : Jusqu\u2019\u00e0\u00a025\u00a0000\u00a0$. En tant qu\u2019assureur vie, nous comprenons tr\u00e8s bien \u00e0 quel point chacun appr\u00e9cie la possibilit\u00e9 de...","og_url":"https:\/\/ivari.ca\/fr\/a-propos-divari\/notre-compagnie\/information-sur-la-compagnie\/programme-cap-vers-la-sante\/","og_site_name":"ivari","article_modified_time":"2025-09-18T15:02:23+00:00","twitter_card":"summary_large_image","twitter_misc":{"Dur\u00e9e de lecture estim\u00e9e":"2 minutes"},"schema":{"@context":"https:\/\/schema.org","@graph":[{"@type":"WebPage","@id":"https:\/\/ivari.ca\/fr\/a-propos-divari\/notre-compagnie\/information-sur-la-compagnie\/programme-cap-vers-la-sante\/","url":"https:\/\/ivari.ca\/fr\/a-propos-divari\/notre-compagnie\/information-sur-la-compagnie\/programme-cap-vers-la-sante\/","name":"Programme Cap vers la sant\u00e9 - ivari","isPartOf":{"@id":"https:\/\/ivari.ca\/#website"},"datePublished":"2022-10-07T15:14:17+00:00","dateModified":"2025-09-18T15:02:23+00:00","breadcrumb":{"@id":"https:\/\/ivari.ca\/fr\/a-propos-divari\/notre-compagnie\/information-sur-la-compagnie\/programme-cap-vers-la-sante\/#breadcrumb"},"inLanguage":"fr-FR","potentialAction":[{"@type":"ReadAction","target":["https:\/\/ivari.ca\/fr\/a-propos-divari\/notre-compagnie\/information-sur-la-compagnie\/programme-cap-vers-la-sante\/"]}]},{"@type":"BreadcrumbList","@id":"https:\/\/ivari.ca\/fr\/a-propos-divari\/notre-compagnie\/information-sur-la-compagnie\/programme-cap-vers-la-sante\/#breadcrumb","itemListElement":[{"@type":"ListItem","position":1,"name":"Home","item":"https:\/\/ivari.ca\/fr\/"},{"@type":"ListItem","position":2,"name":"\u00c0 propos d&#8217;ivari","item":"https:\/\/ivari.ca\/fr\/a-propos-divari\/"},{"@type":"ListItem","position":3,"name":"Notre compagnie","item":"https:\/\/ivari.ca\/fr\/a-propos-divari\/notre-compagnie\/"},{"@type":"ListItem","position":4,"name":"Information sur la compagnie","item":"https:\/\/ivari.ca\/fr\/a-propos-divari\/notre-compagnie\/information-sur-la-compagnie\/"},{"@type":"ListItem","position":5,"name":"Programme Cap vers la sant\u00e9"}]},{"@type":"WebSite","@id":"https:\/\/ivari.ca\/#website","url":"https:\/\/ivari.ca\/","name":"ivari","description":"","potentialAction":[{"@type":"SearchAction","target":{"@type":"EntryPoint","urlTemplate":"https:\/\/ivari.ca\/?s={search_term_string}"},"query-input":{"@type":"PropertyValueSpecification","valueRequired":true,"valueName":"search_term_string"}}],"inLanguage":"fr-FR"}]}},"_links":{"self":[{"href":"https:\/\/ivari.ca\/fr\/wp-json\/wp\/v2\/pages\/42564","targetHints":{"allow":["GET"]}}],"collection":[{"href":"https:\/\/ivari.ca\/fr\/wp-json\/wp\/v2\/pages"}],"about":[{"href":"https:\/\/ivari.ca\/fr\/wp-json\/wp\/v2\/types\/page"}],"author":[{"embeddable":true,"href":"https:\/\/ivari.ca\/fr\/wp-json\/wp\/v2\/users\/13"}],"replies":[{"embeddable":true,"href":"https:\/\/ivari.ca\/fr\/wp-json\/wp\/v2\/comments?post=42564"}],"version-history":[{"count":0,"href":"https:\/\/ivari.ca\/fr\/wp-json\/wp\/v2\/pages\/42564\/revisions"}],"up":[{"embeddable":true,"href":"https:\/\/ivari.ca\/fr\/wp-json\/wp\/v2\/pages\/39185"}],"wp:attachment":[{"href":"https:\/\/ivari.ca\/fr\/wp-json\/wp\/v2\/media?parent=42564"}],"wp:term":[{"taxonomy":"query_groups","embeddable":true,"href":"https:\/\/ivari.ca\/fr\/wp-json\/wp\/v2\/query_groups?post=42564"}],"curies":[{"name":"wp","href":"https:\/\/api.w.org\/{rel}","templated":true}]}}

Programme Cap vers la santé

<div class="wpb-content-wrapper"><p>[vc_row css= ».vc_custom_1633110907975{background-position: center !important;background-repeat: no-repeat !important;background-size: cover !important;} » el_id= »post-banner »][vc_column][vc_row_inner content_placement= »bottom » css= ».vc_custom_1665155652907{background-image: url(https://ivari.ca/files/kids-team-photo.jpg?id=42561) !important;background-position: center !important;background-repeat: no-repeat !important;background-size: cover !important;} » el_class= »post-banner »][vc_column_inner el_class= »image-row-text-column » width= »2/5&Prime;][vc_column_text]</p>
<h1>			<span id="typedjs32" class="animated-typed-js-shortcode "></span>
			<script>
			var typedjs32 = new Typed('#typedjs32', {
				strings: ["Programme Cap vers la sant\u00e9"],
				typeSpeed: 80,
				backSpeed: 50,
				backDelay: 500,
				startDelay: 1000,
				loop: false,
				loopCount: 0,
				fadeOut: false,
				fadeOutDelay: 500,
				smartBackspace: true,
				shuffle: false,
				showCursor: true,
				cursorChar: "|"
			});
			</script>

		</h1>
<p>[/vc_column_text][/vc_column_inner][vc_column_inner width= »3/5&Prime;][/vc_column_inner][/vc_row_inner][/vc_column][/vc_row][vc_row el_class= »margin-top-30&Prime;][vc_column width= »1/3&Prime;][vc_single_image image= »42566&Prime;][vc_column_text el_class= »text-center »]</p>
<p class="lead blue">Montant du financement : Jusqu’à 25 000 $.</p>
<p>[/vc_column_text][/vc_column][vc_column width= »2/3&Prime;][vc_column_text]En tant qu’assureur vie, nous comprenons très bien à quel point chacun apprécie la possibilité de vivre longtemps et en santé. Les experts nous annoncent de bonnes nouvelles : il suffit d’adopter de saines habitudes de vie comme bien manger et faire suffisamment d’exercice ‒ des habitudes acquises à un jeune âge![/vc_column_text][vc_column_text]</p>
<p class="grey-medium">Voilà pourquoi ivari s’est engagée à appuyer des programmes qui peuvent fournir aux enfants et aux adolescents les connaissances indispensables afin de les préparer à mener une vie saine.</p>
<p>[/vc_column_text][vc_btn title= »Formulaire de demande pour le programme 2026 &#8211; Date limite : le 10 octobre 2025&Prime; color= »blue » css= » » link= »url:%2Ffiles%2FIV2160FR.pdf|target:_blank »][/vc_column][/vc_row][vc_row][vc_column][vc_separator][/vc_column][/vc_row][vc_row el_class= »module_Copy_Block_A_0 spacing-48&Prime;][vc_column][vc_column_text]</p>
<h2>Notre stratégie de financement</h2>
<p>[/vc_column_text][/vc_column][/vc_row][vc_row el_class= »ivari-row »][vc_column width= »1/3&Prime;][vc_column_text]</p>
<h3>Financement des programmes</h3>
<p class="spacing-24">Le Programme <em>Cap vers la santé</em> d’<em>ivari</em> compte soutenir des organismes ayant pour mission d’outiller les jeunes (18 ans et moins) de manière à ce qu’ils acquièrent de saines habitudes de vie, notamment dans des domaines associés à :</p>
<ul class="simple-list-1">
<li>la vie active;</li>
<li>l’alimentation saine; et</li>
<li>la santé</li>
</ul>
<p>[/vc_column_text][/vc_column][vc_column width= »1/3&Prime;][vc_column_text]</p>
<h3>Critères d’évaluation :</h3>
<ul class="simple-list-1">
<li>Il doit s’agir d’organismes de bienfaisance enregistrés au Canada.</li>
<li>Seuls les projets à l’échelle nationale sont admissibles au financement.</li>
<li>En sus de respecter les exigences de notre stratégie de financement, les projets/programmes ont comme objectif d’inculquer aux enfants de bonnes habitudes alimentaires.</li>
<li>Les programmes doivent viser des objectifs précis et des résultats mesurables.</li>
</ul>
<p>[/vc_column_text][/vc_column][vc_column width= »1/3&Prime;][vc_column_text]</p>
<h3>Processus de demande</h3>
<ol class="simple-list-1">
<li>Remplir le formulaire de demande et l’envoyer par courriel.</li>
<li>Les organismes dont la demande a été sélectionnée seront invités à venir présenter leur projet devant le Comité des dons de charité, composé d’employés d’ivari.</li>
</ol>
<p>[/vc_column_text][/vc_column][/vc_row]</p>
</div>

<p>  Montant du financement : Jusqu’à 25 000 $. En tant qu’assureur vie, nous comprenons très bien à quel point chacun apprécie la possibilité de&#8230;</p>

<!-- This site is optimized with the Yoast SEO plugin v27.3 - https://yoast.com/product/yoast-seo-wordpress/ -->
<title>Programme Cap vers la santé - ivari</title>
<meta name="robots" content="index, follow, max-snippet:-1, max-image-preview:large, max-video-preview:-1" />
<link rel="canonical" href="https://ivari.ca/fr/a-propos-divari/notre-compagnie/information-sur-la-compagnie/programme-cap-vers-la-sante/" />
<meta property="og:locale" content="fr_FR" />
<meta property="og:type" content="article" />
<meta property="og:title" content="Programme Cap vers la santé - ivari" />
<meta property="og:description" content="Montant du financement : Jusqu’à 25 000 $. En tant qu’assureur vie, nous comprenons très bien à quel point chacun apprécie la possibilité de..." />
<meta property="og:url" content="https://ivari.ca/fr/a-propos-divari/notre-compagnie/information-sur-la-compagnie/programme-cap-vers-la-sante/" />
<meta property="og:site_name" content="ivari" />
<meta property="article:modified_time" content="2025-09-18T15:02:23+00:00" />
<meta name="twitter:card" content="summary_large_image" />
<meta name="twitter:label1" content="Durée de lecture estimée" />
	<meta name="twitter:data1" content="2 minutes" />
<script type="application/ld+json" class="yoast-schema-graph">{"@context":"https:\/\/schema.org","@graph":[{"@type":"WebPage","@id":"https:\/\/ivari.ca\/fr\/a-propos-divari\/notre-compagnie\/information-sur-la-compagnie\/programme-cap-vers-la-sante\/","url":"https:\/\/ivari.ca\/fr\/a-propos-divari\/notre-compagnie\/information-sur-la-compagnie\/programme-cap-vers-la-sante\/","name":"Programme Cap vers la santé - ivari","isPartOf":{"@id":"https:\/\/ivari.ca\/#website"},"datePublished":"2022-10-07T15:14:17+00:00","dateModified":"2025-09-18T15:02:23+00:00","breadcrumb":{"@id":"https:\/\/ivari.ca\/fr\/a-propos-divari\/notre-compagnie\/information-sur-la-compagnie\/programme-cap-vers-la-sante\/#breadcrumb"},"inLanguage":"fr-FR","potentialAction":[{"@type":"ReadAction","target":["https:\/\/ivari.ca\/fr\/a-propos-divari\/notre-compagnie\/information-sur-la-compagnie\/programme-cap-vers-la-sante\/"]}]},{"@type":"BreadcrumbList","@id":"https:\/\/ivari.ca\/fr\/a-propos-divari\/notre-compagnie\/information-sur-la-compagnie\/programme-cap-vers-la-sante\/#breadcrumb","itemListElement":[{"@type":"ListItem","position":1,"name":"Home","item":"https:\/\/ivari.ca\/fr\/"},{"@type":"ListItem","position":2,"name":"À propos d&#8217;ivari","item":"https:\/\/ivari.ca\/fr\/a-propos-divari\/"},{"@type":"ListItem","position":3,"name":"Notre compagnie","item":"https:\/\/ivari.ca\/fr\/a-propos-divari\/notre-compagnie\/"},{"@type":"ListItem","position":4,"name":"Information sur la compagnie","item":"https:\/\/ivari.ca\/fr\/a-propos-divari\/notre-compagnie\/information-sur-la-compagnie\/"},{"@type":"ListItem","position":5,"name":"Programme Cap vers la santé"}]},{"@type":"WebSite","@id":"https:\/\/ivari.ca\/#website","url":"https:\/\/ivari.ca\/","name":"ivari","description":"","potentialAction":[{"@type":"SearchAction","target":{"@type":"EntryPoint","urlTemplate":"https:\/\/ivari.ca\/?s={search_term_string}"},"query-input":{"@type":"PropertyValueSpecification","valueRequired":true,"valueName":"search_term_string"}}],"inLanguage":"fr-FR"}]}</script>
<!-- / Yoast SEO plugin. -->

Programme Cap vers la santé - ivari

Montant du financement : Jusqu’à 25 000 $. En tant qu’assureur vie, nous comprenons très bien à quel point chacun apprécie la possibilité de...

À propos d&#8217;ivari
